r of 25031312 and 1520.
16
Calculate the greatest common factor of 41250681 and 108.
27
Calculate the highest common divisor of 2339 and 993230621.
2339
What is the highest common factor of 127387480 and 40?
40
What is the greatest common divisor of 32412856 and 558?
62
What is the highest common divisor of 80 and 115448176?
16
Calculate the highest common factor of 5572569 and 5826.
2913
Calculate the greatest common factor of 6148889 and 161.
23
Calculate the greatest common divisor of 1648 and 280704.
16
What is the greatest common divisor of 4774 and 164554138?
434
What is the greatest common factor of 165 and 232472190?
15
What is the greatest common divisor of 176 and 2508448?
16
What is the highest common factor of 3040 and 1463495520?
3040
Calculate the highest common divisor of 740549400 and 920.
920
What is the greatest common factor of 1570386 and 303726?
1362
Calculate the greatest common factor of 37601892 and 612.
612
What is the greatest common factor of 1502 and 139846714?
1502
Calculate the highest common factor of 385 and 10332784.
77
What is the highest common divisor of 3063627 and 658?
7
What is the highest common factor of 1026417 and 20979?
777
Calculate the highest common divisor of 14064 and 583128600.
7032
What is the highest common factor of 70 and 1422862?
14
What is the greatest common divisor of 984536 and 2408?
56
What is the highest common factor of 238896 and 168048?
432
Calculate the greatest common divisor of 85589560 and 2975.
595
What is the highest common divisor of 513378593 and 14?
7
What is the greatest common factor of 100422556 and 442?
26
Calculate the highest common divisor of 20016 and 272.
16
What is the highest common divisor of 1009620 and 386595?
3195
What is the highest common divisor of 2990421 and 1911?
147
Calculate the highest common divisor of 9966 and 6600.
66
What is the greatest common factor of 29682 and 67218?
102
What is the greatest common factor of 1747495000 and 100?
100
Calculate the highest common factor of 1336549 and 21580.
83
What is the greatest common divisor of 483 and 21142635?
69
Calculate the greatest common divisor of 1148014503 and 69165.
13833
Calculate the highest common divisor of 99218 and 57806.
14
What is the highest common factor of 1735600 and 17200?
400
Calculate the highest common factor of 21550275 and 1349.
1349
What is the highest common factor of 222421 and 281397?
97
What is the highest common factor of 2687176 and 216?
8
What is the greatest common factor of 319001170 and 530?
530
What is the highest common factor of 1365 and 64407?
21
What is the highest common divisor of 154775655 and 135?
45
What is the highest common divisor of 117 and 22128223?
13
What is the highest common divisor of 492 and 49927998?
6
Calculate the greatest common factor of 3248 and 7041055.
203
Calculate the greatest common factor of 601244 and 3402.
14
Calculate the greatest common divisor of 1392 and 150820039.
29
What is the greatest common divisor of 2553463 and 14993?
517
Calculate the greatest common divisor of 101 and 1767279820.
101
What is the greatest common divisor of 26690 and 2264910?
170
Calculate the highest common divisor of 6120 and 709008.
24
What is the highest common divisor of 260 and 4024228?
52
What is the greatest common divisor of 1595791926 and 18?
18
Calculate the greatest common divisor of 113 and 3461833761.
113
What is the greatest common factor of 1027 and 29759379?
1027
What is the highest common divisor of 234 and 52040066?
26
What is the greatest common factor of 122895 and 15381?
9
What is the greatest common factor of 1066768 and 13176?
488
Calculate the highest common factor of 89610 and 5568.
174
Calculate the highest common divisor of 46791396 and 387.
387
What is the highest common factor of 189 and 3784291?
7
Calculate the highest common divisor of 44 and 17574469.
11
What is the greatest common divisor of 3030 and 102130?
10
Calculate the greatest common factor of 64307285 and 14840.
1855
What is the greatest common factor of 43681 and 4477?
121
Calculate the highest common divisor of 736575 and 37770600.
12075
Calculate the greatest common divisor of 26 and 81119818.
26
What is the greatest common factor of 10017 and 52227?
63
What is the greatest common divisor of 903 and 566578320?
903
What is the greatest common divisor of 273467361 and 3306?
1653
Calculate the highest common factor of 808 and 2991014.
202
Calculate the highest common factor of 6706 and 7515186.
14
What is the greatest common divisor of 5591328 and 2544?
48
Calculate the greatest common divisor of 994442 and 1758.
586
What is the highest common factor of 63959586 and 190?
38
What is the highest common factor of 5668346 and 172?
86
What is the greatest common factor of 900 and 13293540?
180
What is the greatest common factor of 6672399 and 2531559?
9411
What is the highest common factor of 32610488 and 272?
136
Calculate the highest common divisor of 1629 and 17279527.
181
What is the greatest common factor of 7226505 and 5895?
45
Calculate the greatest common factor of 3990818 and 3536.
442
What is the highest common divisor of 17361 and 55253633?
643
Calculate the greatest common divisor of 5003025 and 3405.
15
What is the highest common factor of 380 and 276932980?
380
What is the highest common factor of 293141 and 7767221?
677
What is the highest common factor of 2179408 and 98?
14
What is the greatest common factor of 319065569 and 1711?
1711
Calculate the greatest common factor of 75704 and 37.
1
What is the greatest common divisor of 49756 and 182?
14
What is the greatest common factor of 741 and 181415819?
247
Calculate the highest common divisor of 71398881 and 108.
27
Calculate the highest common factor of 53979324 and 31668.
2436
What is the highest common factor of 70 and 7698446?
14
What is the greatest common factor of 2759368 and 632?
8
Calculate the greatest common factor of 1832 and 4335428.
916
Calculate the highest common factor of 8901171 and 9.
9
Calculate the greatest common factor of 1479968 and 184.
8
What is the highest common factor of 244 and 311526329?
61
What is the highest common divisor of 71 and 874693091?
71
Calculate the highest common factor of 757516 and 434.
62
Calculate the greatest common factor of 1685 and 147175988.
337
What is the highest common divisor of 495780 and 3580?
20
What is the greatest common divisor of 89725262 and 1204?
86
Calculate the greatest common divisor of 154274 and 1312.
2
What is the greatest common factor of 1941400 and 3461200?
3400
Calculate the highest common divisor of 12893736 and 18370.
334
Calculate the greatest common divisor of 285919 and 42059.
137
What is the greatest common divisor of 41188 and 1912708?
28
Calculate the greatest common factor of 1287 and 49042323.
99
Calculate the greatest common divisor of 816 and 131712226.
34
What is the highest common divisor of 199139 and 1843?
19
What is the highest common divisor of 5049 and 1994551911?
5049
What is the highest common factor of 179052 and 342882?
258
Calculate the highest common factor of 278795 and 374.
11
Calculate the highest common factor of 5690 and 37844759.
569
What is the greatest common factor of 254324 and 22351?
217
What is the greatest common divisor of 19818 and 132851064?
2202
What is the highest common factor of 93624638 and 158?
158
What is the highest common divisor of 1860119 and 1739?
47
What is the highest common divisor of 1909842 and 5692974?
9138
What is the greatest common divisor of 40 and 18335740?
20
Calculate the highest common factor of 75 and 5717097.
3
Calculate the greatest common factor of 4438836 and 504.
36
What is the greatest common divisor of 1343 and 1377986?
17
What is the greatest common divisor of 132733723 and 775?
31
What is the greatest common factor of 1448 and 72160718?
362
What is the greatest common divisor of 45218 and 7038?
46
Calculate the highest common divisor of 392312079 and 243.
243
What is the highest common factor of 410326 and 11872?
742
What is the highest common divisor of 10934 and 848379?
497
What is the highest common factor of 128 and 154018464?
32
Calculate the greatest common divisor of 1476 and 49276793.
41
Calculate the highest common factor of 430551 and 5